{"id":7,"date":"2011-10-19T07:08:49","date_gmt":"2011-10-19T07:08:49","guid":{"rendered":"http:\/\/blog.vfl-grafenwald.de\/?page_id=7"},"modified":"2022-09-27T15:48:03","modified_gmt":"2022-09-27T13:48:03","slug":"breitensport","status":"publish","type":"page","link":"https:\/\/www.vfl-grafenwald.de\/?page_id=7","title":{"rendered":"Breitensport"},"content":{"rendered":"<p>Der Breitensport hat nach 1968 mit den Gr\u00fcndungen der Indiaca-Abteilung 1973 und der Gymnastikabteilung 1978 einen starken Aufschwung verzeichnet. Heute sind im Breitensportbereich neben der klassischen Gymnastik mit den unterschiedlichsten Varianten und dem Turnen auch Sportarten, wie Aerobic und Radfahren beheimatet. Ebenso wird das \u201eNordic Walking\u201c angeboten. F\u00fcr die R\u00fcckbesinnung eignet sich die &#8222;Meditative Entspannung durch K\u00f6rper\u00fcbungen&#8220;.<\/p>\n<p>Alle sportbegeisterten Kinder\/Jugendliche und Erwachsene haben da\u00fcber hinaus in den Sommermonaten Gelegenheit, ihr Sportabzeichen in Gold, Silber oder Bronze abzulegen.<\/p>\n","protected":false},"excerpt":{"rendered":"<p>Der Breitensport hat nach 1968 mit den Gr\u00fcndungen der Indiaca-Abteilung 1973 und der Gymnastikabteilung 1978 einen starken Aufschwung verzeichnet. Heute sind im Breitensportbereich neben der klassischen Gymnastik mit den unterschiedlichsten Varianten und dem Turnen auch Sportarten, wie Aerobic und Radfahren &hellip; <a href=\"https:\/\/www.vfl-grafenwald.de\/?page_id=7\">Weiterlesen <span class=\"meta-nav\">&rarr;<\/span><\/a><\/p>\n","protected":false},"author":1,"featured_media":0,"parent":0,"menu_order":0,"comment_status":"closed","ping_status":"open","template":"","meta":{"footnotes":""},"class_list":["post-7","page","type-page","status-publish","hentry"],"_links":{"self":[{"href":"https:\/\/www.vfl-grafenwald.de\/index.php?rest_route=\/wp\/v2\/pages\/7","targetHints":{"allow":["GET"]}}],"collection":[{"href":"https:\/\/www.vfl-grafenwald.de\/index.php?rest_route=\/wp\/v2\/pages"}],"about":[{"href":"https:\/\/www.vfl-grafenwald.de\/index.php?rest_route=\/wp\/v2\/types\/page"}],"author":[{"embeddable":true,"href":"https:\/\/www.vfl-grafenwald.de\/index.php?rest_route=\/wp\/v2\/users\/1"}],"replies":[{"embeddable":true,"href":"https:\/\/www.vfl-grafenwald.de\/index.php?rest_route=%2Fwp%2Fv2%2Fcomments&post=7"}],"version-history":[{"count":6,"href":"https:\/\/www.vfl-grafenwald.de\/index.php?rest_route=\/wp\/v2\/pages\/7\/revisions"}],"predecessor-version":[{"id":2867,"href":"https:\/\/www.vfl-grafenwald.de\/index.php?rest_route=\/wp\/v2\/pages\/7\/revisions\/2867"}],"wp:attachment":[{"href":"https:\/\/www.vfl-grafenwald.de\/index.php?rest_route=%2Fwp%2Fv2%2Fmedia&parent=7"}],"curies":[{"name":"wp","href":"https:\/\/api.w.org\/{rel}","templated":true}]}}