{"id":2418,"date":"2021-10-24T12:52:30","date_gmt":"2021-10-24T10:52:30","guid":{"rendered":"https:\/\/www.vfl-grafenwald.de\/?page_id=2418"},"modified":"2024-04-07T15:32:24","modified_gmt":"2024-04-07T13:32:24","slug":"radfahrgruppe","status":"publish","type":"page","link":"https:\/\/www.vfl-grafenwald.de\/?page_id=2418","title":{"rendered":"Radfahrgruppe"},"content":{"rendered":"\n<div class=\"wp-block-columns is-layout-flex wp-container-core-columns-is-layout-9d6595d7 wp-block-columns-is-layout-flex\">\n<div class=\"wp-block-column is-layout-flow wp-block-column-is-layout-flow\" style=\"flex-basis:100%\">\n<div class=\"wp-block-columns is-layout-flex wp-container-core-columns-is-layout-9d6595d7 wp-block-columns-is-layout-flex\">\n<div class=\"wp-block-column is-layout-flow wp-block-column-is-layout-flow\" style=\"flex-basis:66.66%\">\n<p>Interessierte Vereinsmitglieder unternehmen regelm\u00e4\u00dfig eine gef\u00fchrte Radtour zu unterschiedlichen Zielen. Es wird in der Regel eine Strecke zwischen 25 bis 40 km bei gem\u00e4chlichem Tempo (ca. 16 km\/h) absolviert. Dies ist abh\u00e4ngig von der jeweiligen Wettersituation.<\/p>\n\n\n\n<p>Regelm\u00e4\u00dfige kleine Pausen k\u00f6nnen f\u00fcr Radlergespr\u00e4che bzw. den Austausch von Gedanken genutzt werden. Es ist das Ziel, jeweils zur H\u00e4lfte der Fahrtstrecke eine gr\u00f6\u00dfere Pause einzulegen mit der Gelegenheit zum Verzehr.<\/p>\n\n\n\n<p>Das eigene Fahrrad sollte den Anforderungen der Stra\u00dfenverkehrszulassungsordnung (StVZO) gen\u00fcgen (z. B. funktionierende Lichtanlage | Reflextoren | Glocke). Zum Selbstschutz sollte auff\u00e4llige, helle Kleidung getragen werden \u2013 gerne mit Warnweste.<\/p>\n\n\n\n<p>Der jeweilige Leiter der Fahrradtour ist bestrebt, m\u00f6glichst ausgewiesene Radwege (h\u00e4ufig auch durch Waldgebiete) zu befahren.<\/p>\n\n\n\n<p>Wir beachten die Regeln der StVO und ber\u00fccksichtigen bei Fahrradgruppen ab 16 Teilnehmern auch die besonderen Sonderregelungen des geschlossenen Verbands.<\/p>\n\n\n\n<p>Sehen wir uns beim n\u00e4chsten Radtreff? <\/p>\n\n\n\n<figure class=\"wp-block-image size-full is-resized\"><a href=\"https:\/\/www.vfl-grafenwald.de\/wp-content\/uploads\/2021\/10\/image.jpeg\"><img loading=\"lazy\" decoding=\"async\" width=\"144\" height=\"144\" src=\"https:\/\/www.vfl-grafenwald.de\/wp-content\/uploads\/2021\/10\/image.jpeg\" alt=\"\" class=\"wp-image-2427\" style=\"width:108px;height:108px\"\/><\/a><\/figure>\n\n\n\n<p><span style=\"background-color:rgba(0, 0, 0, 0);color:#a30003\" class=\"has-inline-color\"><strong>Die Ausfahrten finden regelm\u00e4\u00dfig bei gutem Wetter statt:<\/strong><\/span><\/p>\n\n\n\n<ul class=\"wp-block-list\">\n<li><span style=\"background-color:rgba(0, 0, 0, 0);color:#a30003\" class=\"has-inline-color\"><strong>Januar bis Dezember &#8211; montags ab 14:30 Uhr<\/strong><\/span><\/li>\n<\/ul>\n\n\n\n<p><strong><span style=\"color:#a30003\" class=\"has-inline-color\"><strong>Treffpunkt ist der Marktplatz in Grafenwald. R\u00fcckkehrzeitpunkt je nach Tagesziel und Wettersituation<\/strong><\/span><\/strong>. <\/p>\n<\/div>\n\n\n\n<div class=\"wp-block-column is-layout-flow wp-block-column-is-layout-flow\" style=\"flex-basis:33.33%\">\n<h2 class=\"wp-block-heading has-text-align-right\">Leitung<\/h2>\n\n\n\n<p class=\"has-text-align-right\">Adalbert Geppert<\/p>\n\n\n\n<p class=\"has-text-align-right\">Fon 02045 \/ 5463<\/p>\n<\/div>\n<\/div>\n<\/div>\n<\/div>\n","protected":false},"excerpt":{"rendered":"<p>Interessierte Vereinsmitglieder unternehmen regelm\u00e4\u00dfig eine gef\u00fchrte Radtour zu unterschiedlichen Zielen. Es wird in der Regel eine Strecke zwischen 25 bis 40 km bei gem\u00e4chlichem Tempo (ca. 16 km\/h) absolviert. Dies ist abh\u00e4ngig von der jeweiligen Wettersituation. Regelm\u00e4\u00dfige kleine Pausen k\u00f6nnen &hellip; <a href=\"https:\/\/www.vfl-grafenwald.de\/?page_id=2418\">Weiterlesen <span class=\"meta-nav\">&rarr;<\/span><\/a><\/p>\n","protected":false},"author":7,"featured_media":0,"parent":69,"menu_order":2,"comment_status":"closed","ping_status":"closed","template":"","meta":{"footnotes":""},"class_list":["post-2418","page","type-page","status-publish","hentry"],"_links":{"self":[{"href":"https:\/\/www.vfl-grafenwald.de\/index.php?rest_route=\/wp\/v2\/pages\/2418","targetHints":{"allow":["GET"]}}],"collection":[{"href":"https:\/\/www.vfl-grafenwald.de\/index.php?rest_route=\/wp\/v2\/pages"}],"about":[{"href":"https:\/\/www.vfl-grafenwald.de\/index.php?rest_route=\/wp\/v2\/types\/page"}],"author":[{"embeddable":true,"href":"https:\/\/www.vfl-grafenwald.de\/index.php?rest_route=\/wp\/v2\/users\/7"}],"replies":[{"embeddable":true,"href":"https:\/\/www.vfl-grafenwald.de\/index.php?rest_route=%2Fwp%2Fv2%2Fcomments&post=2418"}],"version-history":[{"count":13,"href":"https:\/\/www.vfl-grafenwald.de\/index.php?rest_route=\/wp\/v2\/pages\/2418\/revisions"}],"predecessor-version":[{"id":3164,"href":"https:\/\/www.vfl-grafenwald.de\/index.php?rest_route=\/wp\/v2\/pages\/2418\/revisions\/3164"}],"up":[{"embeddable":true,"href":"https:\/\/www.vfl-grafenwald.de\/index.php?rest_route=\/wp\/v2\/pages\/69"}],"wp:attachment":[{"href":"https:\/\/www.vfl-grafenwald.de\/index.php?rest_route=%2Fwp%2Fv2%2Fmedia&parent=2418"}],"curies":[{"name":"wp","href":"https:\/\/api.w.org\/{rel}","templated":true}]}}

<div class="wp-block-columns is-layout-flex wp-container-core-columns-is-layout-9d6595d7 wp-block-columns-is-layout-flex">
<div class="wp-block-column is-layout-flow wp-block-column-is-layout-flow" style="flex-basis:100%">
<div class="wp-block-columns is-layout-flex wp-container-core-columns-is-layout-9d6595d7 wp-block-columns-is-layout-flex">
<div class="wp-block-column is-layout-flow wp-block-column-is-layout-flow" style="flex-basis:66.66%">
<p>Interessierte Vereinsmitglieder unternehmen regelmäßig eine geführte Radtour zu unterschiedlichen Zielen. Es wird in der Regel eine Strecke zwischen 25 bis 40 km bei gemächlichem Tempo (ca. 16 km/h) absolviert. Dies ist abhängig von der jeweiligen Wettersituation.</p>



<p>Regelmäßige kleine Pausen können für Radlergespräche bzw. den Austausch von Gedanken genutzt werden. Es ist das Ziel, jeweils zur Hälfte der Fahrtstrecke eine größere Pause einzulegen mit der Gelegenheit zum Verzehr.</p>



<p>Das eigene Fahrrad sollte den Anforderungen der Straßenverkehrszulassungsordnung (StVZO) genügen (z. B. funktionierende Lichtanlage | Reflextoren | Glocke). Zum Selbstschutz sollte auffällige, helle Kleidung getragen werden – gerne mit Warnweste.</p>



<p>Der jeweilige Leiter der Fahrradtour ist bestrebt, möglichst ausgewiesene Radwege (häufig auch durch Waldgebiete) zu befahren.</p>



<p>Wir beachten die Regeln der StVO und berücksichtigen bei Fahrradgruppen ab 16 Teilnehmern auch die besonderen Sonderregelungen des geschlossenen Verbands.</p>



<p>Sehen wir uns beim nächsten Radtreff? </p>



<figure class="wp-block-image size-full is-resized"><a href="https://www.vfl-grafenwald.de/wp-content/uploads/2021/10/image.jpeg"><img loading="lazy" decoding="async" width="144" height="144" src="https://www.vfl-grafenwald.de/wp-content/uploads/2021/10/image.jpeg" alt="" class="wp-image-2427" style="width:108px;height:108px"/></a></figure>



<p><span style="background-color:rgba(0, 0, 0, 0);color:#a30003" class="has-inline-color"><strong>Die Ausfahrten finden regelmäßig bei gutem Wetter statt:</strong></span></p>



<ul class="wp-block-list">
<li><span style="background-color:rgba(0, 0, 0, 0);color:#a30003" class="has-inline-color"><strong>Januar bis Dezember &#8211; montags ab 14:30 Uhr</strong></span></li>
</ul>



<p><strong><span style="color:#a30003" class="has-inline-color"><strong>Treffpunkt ist der Marktplatz in Grafenwald. Rückkehrzeitpunkt je nach Tagesziel und Wettersituation</strong></span></strong>. </p>
</div>



<div class="wp-block-column is-layout-flow wp-block-column-is-layout-flow" style="flex-basis:33.33%">
<h2 class="wp-block-heading has-text-align-right">Leitung</h2>



<p class="has-text-align-right">Adalbert Geppert</p>



<p class="has-text-align-right">Fon 02045 / 5463</p>
</div>
</div>
</div>
</div>

<p>Interessierte Vereinsmitglieder unternehmen regelmäßig eine geführte Radtour zu unterschiedlichen Zielen. Es wird in der Regel eine Strecke zwischen 25 bis 40 km bei gemächlichem Tempo (ca. 16 km/h) absolviert. Dies ist abhängig von der jeweiligen Wettersituation. Regelmäßige kleine Pausen können &hellip; <a href="https://www.vfl-grafenwald.de/?page_id=2418">Weiterlesen <span class="meta-nav">&rarr;</span></a></p>
