{"id":154,"date":"2011-12-26T13:27:35","date_gmt":"2011-12-26T11:27:35","guid":{"rendered":"http:\/\/www.vfl-grafenwald.de\/?page_id=154"},"modified":"2019-06-27T12:45:56","modified_gmt":"2019-06-27T10:45:56","slug":"waldgefluster","status":"publish","type":"page","link":"https:\/\/www.vfl-grafenwald.de\/?page_id=154","title":{"rendered":"Waldgefl\u00fcster \/ 90 Minuten"},"content":{"rendered":"<p>Kontakt: <a href=\"mailto:elias.schlauti@outlook.de\">Elias Schlautmann<\/a><\/p>\n<p><b>Neu! Waldgefl\u00fcster Juni 2019<br \/>\n<\/b><\/p>\n<p><a href=\"http:\/\/www.vfl-grafenwald.de\/wp-content\/uploads\/2019\/06\/Waldgefl%C3%BCster_2019.06.30.pdf\">Waldgef\u00fcster Juni 2019<\/a><\/p>\n<p><b>90 Minuten 2018-2019<\/b><\/p>\n<p><a href=\"http:\/\/www.vfl-grafenwald.de\/wp-content\/uploads\/2018\/09\/VfL_90_Minuten_2018_2019.pdf\">90 Minuten Ausgabe 2018_2019<\/a><\/p>\n<p><b>archivierte Ausgaben<\/b><\/p>\n<p><a href=\"http:\/\/www.vfl-grafenwald.de\/wp-content\/uploads\/2019\/03\/Waldgefl\u00fcster_2019.03.24.pdf\">Waldgefl\u00fcster_2019.03.24<\/a><\/p>\n<p><a href=\"http:\/\/www.vfl-grafenwald.de\/wp-content\/uploads\/2018\/11\/Waldgefl\u00fcster_2018.11.24.pdf\">Waldgefl\u00fcster_2018.11.24<\/a><\/p>\n<p><a href=\"http:\/\/www.vfl-grafenwald.de\/wp-content\/uploads\/2018\/10\/Waldgefl\u00fcster_2018.10.26.pdf\">Waldgefl\u00fcster_2018.10.26<\/a><\/p>\n<p><a href=\"http:\/\/www.vfl-grafenwald.de\/wp-content\/uploads\/2018\/05\/Waldgefl\u00fcster-2018.05.27.pdf\">Waldgefl\u00fcster 2018.05.27<\/a><\/p>\n<p><a href=\"http:\/\/www.vfl-grafenwald.de\/wp-content\/uploads\/2018\/04\/Waldgefl\u00fcster-2018.04.29.pdf\">Waldgefl\u00fcster 2018.04.29<\/a><\/p>\n<p><a href=\"http:\/\/www.vfl-grafenwald.de\/wp-content\/uploads\/2018\/03\/Waldgefl\u00fcster-2018.03.23.pdf\">Waldgefl\u00fcster 2018.03.23<\/a><\/p>\n<p><a href=\"http:\/\/www.vfl-grafenwald.de\/wp-content\/uploads\/2018\/02\/Waldgefl\u00fcster-2018.03.02.pdf\">Waldgefl\u00fcster 2018.03.02<\/a><\/p>\n<p><a href=\"http:\/\/www.vfl-grafenwald.de\/wp-content\/uploads\/2011\/12\/Waldgefl\u00fcster-2017.11.19.pdf\">Waldgefl\u00fcster 2017.11.19<\/a><\/p>\n<p><a href=\"http:\/\/www.vfl-grafenwald.de\/wp-content\/uploads\/2011\/12\/Waldgefl\u00fcster-2017.10.15.pdf\">Waldgefl\u00fcster 2017.10.15<\/a><\/p>\n<p><a href=\"http:\/\/www.vfl-grafenwald.de\/wp-content\/uploads\/2011\/12\/Waldgefl\u00fcster-2017_09.17.pdf\">Waldgefl\u00fcster 2017_09.17<\/a><\/p>\n<p><a href=\"http:\/\/www.vfl-grafenwald.de\/wp-content\/uploads\/2011\/12\/Ausgabe_2017.05.28_.pdf\">Ausgabe_2017.05.28_<\/a><\/p>\n<p><a href=\"http:\/\/www.vfl-grafenwald.de\/wp-content\/uploads\/2011\/12\/Ausgabe_2017.04.22.pdf\">Ausgabe_2017.04.22<\/a><\/p>\n<p><a href=\"http:\/\/www.vfl-grafenwald.de\/wp-content\/uploads\/2011\/12\/Ausgabe_2017.03.03.pdf\">Ausgabe_2017.03.03<\/a><\/p>\n<p><a href=\"http:\/\/www.vfl-grafenwald.de\/wp-content\/uploads\/2011\/12\/Sonderausgabe-Februar-2017.pdf\">Sonderausgabe Februar 2017<\/a><\/p>\n<p><a href=\"http:\/\/www.vfl-grafenwald.de\/wp-content\/uploads\/2011\/12\/Ausgabe_2016.12.11.pdf\">ausgabe_2016-12-11<\/a><\/p>\n<p><a href=\"http:\/\/www.vfl-grafenwald.de\/wp-content\/uploads\/2011\/12\/Ausgabe_2016.11.13.pdf\">ausgabe_2016-11-13<\/a><\/p>\n<p><a href=\"http:\/\/www.vfl-grafenwald.de\/wp-content\/uploads\/2011\/12\/Ausgabe_2016.10.16-2.pdf\">ausgabe_2016-10-16<\/a><\/p>\n<p><a href=\"http:\/\/www.vfl-grafenwald.de\/wp-content\/uploads\/2011\/12\/Ausgabe_18_09_2016.pdf\">ausgabe_18_09_2016<\/a><\/p>\n<p><a href=\"http:\/\/www.vfl-grafenwald.de\/wp-content\/uploads\/2011\/12\/Ausgabe_16.05.2016.pdf\">Waldgefl\u00fcster Mai 2016<\/a><\/p>\n<p><a href=\"http:\/\/www.vfl-grafenwald.de\/wp-content\/uploads\/2011\/12\/Ausgabe_17.04.2016.pdf\" rel=\"\">Waldgefl\u00fcster April 2016<\/a><\/p>\n<p><a href=\"http:\/\/www.vfl-grafenwald.de\/wp-content\/uploads\/2011\/12\/Ausgabe_13.03.2016.pdf\" rel=\"\">Waldgefl\u00fcster M\u00e4rz 2016<\/a><\/p>\n<p><a href=\"http:\/\/www.vfl-grafenwald.de\/wp-content\/uploads\/2011\/12\/Waldgefluester_250216.pdf\" rel=\"\">Waldgefluester Februar 2016<\/a><\/p>\n<p><a href=\"http:\/\/www.vfl-grafenwald.de\/wp-content\/uploads\/2011\/12\/Waldgefluester_160815.pdf\">Waldgefl\u00fcster August 2015<\/a><\/p>\n<p><a href=\"http:\/\/www.vfl-grafenwald.de\/wp-content\/uploads\/2011\/12\/2015-06-15-Waldgefl\u00fcster-88.pdf\">Waldgefl\u00fcster Juni 2015<\/a><\/p>\n<p><a href=\"http:\/\/www.vfl-grafenwald.de\/wp-content\/uploads\/2011\/12\/Waldgefluester_290315.pdf\">Waldgefl\u00fcster M\u00e4rz 2015 &#8211; Derbyausgabe<\/a><\/p>\n<p><a href=\"http:\/\/www.vfl-grafenwald.de\/wp-content\/uploads\/2011\/12\/Waldgefluester_021114.pdf\">Waldgefl\u00fcster 84 &#8211; November 2014<\/a><\/p>\n<p><a title=\"Waldgefl\u00fcster Nr. 76\" href=\"http:\/\/www.aufmplatz.net\/app\/download\/7794661549\/Waldgefluester_020613.pdf\">Waldgefl\u00fcster Juni 2013<\/a><\/p>\n<p><a href=\"http:\/\/www.vfl-grafenwald.de\/wp-content\/uploads\/2018\/09\/VfL_90_Minuten_2018_2019.pdf\">VfL_90_Minuten_2018_2019<\/a><\/p>\n<p><a href=\"http:\/\/www.vfl-grafenwald.de\/wp-content\/uploads\/2011\/12\/VfL_90_Minuten_2016_2017.pdf\">VfL_90_Minuten_2016_2017<\/a><\/p>\n<p><a href=\"http:\/\/www.vfl-grafenwald-jugend.de\/90Minuten_2013.pdf\">90 Minuten (Ausgabe 2013\/2014)<\/a><\/p>\n","protected":false},"excerpt":{"rendered":"<p>Kontakt: Elias Schlautmann Neu! Waldgefl\u00fcster Juni 2019 Waldgef\u00fcster Juni 2019 90 Minuten 2018-2019 90 Minuten Ausgabe 2018_2019 archivierte Ausgaben Waldgefl\u00fcster_2019.03.24 Waldgefl\u00fcster_2018.11.24 Waldgefl\u00fcster_2018.10.26 Waldgefl\u00fcster 2018.05.27 Waldgefl\u00fcster 2018.04.29 Waldgefl\u00fcster 2018.03.23 Waldgefl\u00fcster 2018.03.02 Waldgefl\u00fcster 2017.11.19 Waldgefl\u00fcster 2017.10.15 Waldgefl\u00fcster 2017_09.17 Ausgabe_2017.05.28_ Ausgabe_2017.04.22 Ausgabe_2017.03.03 Sonderausgabe &hellip; <a href=\"https:\/\/www.vfl-grafenwald.de\/?page_id=154\">Weiterlesen <span class=\"meta-nav\">&rarr;<\/span><\/a><\/p>\n","protected":false},"author":1,"featured_media":0,"parent":12,"menu_order":0,"comment_status":"closed","ping_status":"open","template":"","meta":{"footnotes":""},"class_list":["post-154","page","type-page","status-publish","hentry"],"_links":{"self":[{"href":"https:\/\/www.vfl-grafenwald.de\/index.php?rest_route=\/wp\/v2\/pages\/154","targetHints":{"allow":["GET"]}}],"collection":[{"href":"https:\/\/www.vfl-grafenwald.de\/index.php?rest_route=\/wp\/v2\/pages"}],"about":[{"href":"https:\/\/www.vfl-grafenwald.de\/index.php?rest_route=\/wp\/v2\/types\/page"}],"author":[{"embeddable":true,"href":"https:\/\/www.vfl-grafenwald.de\/index.php?rest_route=\/wp\/v2\/users\/1"}],"replies":[{"embeddable":true,"href":"https:\/\/www.vfl-grafenwald.de\/index.php?rest_route=%2Fwp%2Fv2%2Fcomments&post=154"}],"version-history":[{"count":73,"href":"https:\/\/www.vfl-grafenwald.de\/index.php?rest_route=\/wp\/v2\/pages\/154\/revisions"}],"predecessor-version":[{"id":2056,"href":"https:\/\/www.vfl-grafenwald.de\/index.php?rest_route=\/wp\/v2\/pages\/154\/revisions\/2056"}],"up":[{"embeddable":true,"href":"https:\/\/www.vfl-grafenwald.de\/index.php?rest_route=\/wp\/v2\/pages\/12"}],"wp:attachment":[{"href":"https:\/\/www.vfl-grafenwald.de\/index.php?rest_route=%2Fwp%2Fv2%2Fmedia&parent=154"}],"curies":[{"name":"wp","href":"https:\/\/api.w.org\/{rel}","templated":true}]}}

Waldgeflüster / 90 Minuten

<p>Kontakt: <a href="mailto:elias.schlauti@outlook.de">Elias Schlautmann</a></p>
<p><b>Neu! Waldgeflüster Juni 2019<br />
</b></p>
<p><a href="http://www.vfl-grafenwald.de/wp-content/uploads/2019/06/Waldgefl%C3%BCster_2019.06.30.pdf">Waldgefüster Juni 2019</a></p>
<p><b>90 Minuten 2018-2019</b></p>
<p><a href="http://www.vfl-grafenwald.de/wp-content/uploads/2018/09/VfL_90_Minuten_2018_2019.pdf">90 Minuten Ausgabe 2018_2019</a></p>
<p><b>archivierte Ausgaben</b></p>
<p><a href="http://www.vfl-grafenwald.de/wp-content/uploads/2019/03/Waldgeflüster_2019.03.24.pdf">Waldgeflüster_2019.03.24</a></p>
<p><a href="http://www.vfl-grafenwald.de/wp-content/uploads/2018/11/Waldgeflüster_2018.11.24.pdf">Waldgeflüster_2018.11.24</a></p>
<p><a href="http://www.vfl-grafenwald.de/wp-content/uploads/2018/10/Waldgeflüster_2018.10.26.pdf">Waldgeflüster_2018.10.26</a></p>
<p><a href="http://www.vfl-grafenwald.de/wp-content/uploads/2018/05/Waldgeflüster-2018.05.27.pdf">Waldgeflüster 2018.05.27</a></p>
<p><a href="http://www.vfl-grafenwald.de/wp-content/uploads/2018/04/Waldgeflüster-2018.04.29.pdf">Waldgeflüster 2018.04.29</a></p>
<p><a href="http://www.vfl-grafenwald.de/wp-content/uploads/2018/03/Waldgeflüster-2018.03.23.pdf">Waldgeflüster 2018.03.23</a></p>
<p><a href="http://www.vfl-grafenwald.de/wp-content/uploads/2018/02/Waldgeflüster-2018.03.02.pdf">Waldgeflüster 2018.03.02</a></p>
<p><a href="http://www.vfl-grafenwald.de/wp-content/uploads/2011/12/Waldgeflüster-2017.11.19.pdf">Waldgeflüster 2017.11.19</a></p>
<p><a href="http://www.vfl-grafenwald.de/wp-content/uploads/2011/12/Waldgeflüster-2017.10.15.pdf">Waldgeflüster 2017.10.15</a></p>
<p><a href="http://www.vfl-grafenwald.de/wp-content/uploads/2011/12/Waldgeflüster-2017_09.17.pdf">Waldgeflüster 2017_09.17</a></p>
<p><a href="http://www.vfl-grafenwald.de/wp-content/uploads/2011/12/Ausgabe_2017.05.28_.pdf">Ausgabe_2017.05.28_</a></p>
<p><a href="http://www.vfl-grafenwald.de/wp-content/uploads/2011/12/Ausgabe_2017.04.22.pdf">Ausgabe_2017.04.22</a></p>
<p><a href="http://www.vfl-grafenwald.de/wp-content/uploads/2011/12/Ausgabe_2017.03.03.pdf">Ausgabe_2017.03.03</a></p>
<p><a href="http://www.vfl-grafenwald.de/wp-content/uploads/2011/12/Sonderausgabe-Februar-2017.pdf">Sonderausgabe Februar 2017</a></p>
<p><a href="http://www.vfl-grafenwald.de/wp-content/uploads/2011/12/Ausgabe_2016.12.11.pdf">ausgabe_2016-12-11</a></p>
<p><a href="http://www.vfl-grafenwald.de/wp-content/uploads/2011/12/Ausgabe_2016.11.13.pdf">ausgabe_2016-11-13</a></p>
<p><a href="http://www.vfl-grafenwald.de/wp-content/uploads/2011/12/Ausgabe_2016.10.16-2.pdf">ausgabe_2016-10-16</a></p>
<p><a href="http://www.vfl-grafenwald.de/wp-content/uploads/2011/12/Ausgabe_18_09_2016.pdf">ausgabe_18_09_2016</a></p>
<p><a href="http://www.vfl-grafenwald.de/wp-content/uploads/2011/12/Ausgabe_16.05.2016.pdf">Waldgeflüster Mai 2016</a></p>
<p><a href="http://www.vfl-grafenwald.de/wp-content/uploads/2011/12/Ausgabe_17.04.2016.pdf" rel="">Waldgeflüster April 2016</a></p>
<p><a href="http://www.vfl-grafenwald.de/wp-content/uploads/2011/12/Ausgabe_13.03.2016.pdf" rel="">Waldgeflüster März 2016</a></p>
<p><a href="http://www.vfl-grafenwald.de/wp-content/uploads/2011/12/Waldgefluester_250216.pdf" rel="">Waldgefluester Februar 2016</a></p>
<p><a href="http://www.vfl-grafenwald.de/wp-content/uploads/2011/12/Waldgefluester_160815.pdf">Waldgeflüster August 2015</a></p>
<p><a href="http://www.vfl-grafenwald.de/wp-content/uploads/2011/12/2015-06-15-Waldgeflüster-88.pdf">Waldgeflüster Juni 2015</a></p>
<p><a href="http://www.vfl-grafenwald.de/wp-content/uploads/2011/12/Waldgefluester_290315.pdf">Waldgeflüster März 2015 &#8211; Derbyausgabe</a></p>
<p><a href="http://www.vfl-grafenwald.de/wp-content/uploads/2011/12/Waldgefluester_021114.pdf">Waldgeflüster 84 &#8211; November 2014</a></p>
<p><a title="Waldgeflüster Nr. 76" href="http://www.aufmplatz.net/app/download/7794661549/Waldgefluester_020613.pdf">Waldgeflüster Juni 2013</a></p>
<p><a href="http://www.vfl-grafenwald.de/wp-content/uploads/2018/09/VfL_90_Minuten_2018_2019.pdf">VfL_90_Minuten_2018_2019</a></p>
<p><a href="http://www.vfl-grafenwald.de/wp-content/uploads/2011/12/VfL_90_Minuten_2016_2017.pdf">VfL_90_Minuten_2016_2017</a></p>
<p><a href="http://www.vfl-grafenwald-jugend.de/90Minuten_2013.pdf">90 Minuten (Ausgabe 2013/2014)</a></p>

<p>Kontakt: Elias Schlautmann Neu! Waldgeflüster Juni 2019 Waldgefüster Juni 2019 90 Minuten 2018-2019 90 Minuten Ausgabe 2018_2019 archivierte Ausgaben Waldgeflüster_2019.03.24 Waldgeflüster_2018.11.24 Waldgeflüster_2018.10.26 Waldgeflüster 2018.05.27 Waldgeflüster 2018.04.29 Waldgeflüster 2018.03.23 Waldgeflüster 2018.03.02 Waldgeflüster 2017.11.19 Waldgeflüster 2017.10.15 Waldgeflüster 2017_09.17 Ausgabe_2017.05.28_ Ausgabe_2017.04.22 Ausgabe_2017.03.03 Sonderausgabe &hellip; <a href="https://www.vfl-grafenwald.de/?page_id=154">Weiterlesen <span class="meta-nav">&rarr;</span></a></p>
