{"id":10,"date":"2011-10-19T08:37:40","date_gmt":"2011-10-19T08:37:40","guid":{"rendered":"http:\/\/blog.vfl-grafenwald.de\/?page_id=10"},"modified":"2025-07-01T12:20:15","modified_gmt":"2025-07-01T10:20:15","slug":"einrad","status":"publish","type":"page","link":"https:\/\/www.vfl-grafenwald.de\/?page_id=10","title":{"rendered":"Einrad"},"content":{"rendered":"<p>Die Einrad-Abteilung, 1994 gegr\u00fcndet, ist eine Trendsportart und geh\u00f6rt mit zu den erfolgreichsten Vereinen auf Bundesebene. In ihren Reihen sind Deutsche Meister und Weltmeister zu finden.<\/p>\n<p><strong>Einrad-Einstieg leicht gemacht<\/strong>: Ihr m\u00f6chtet in diese Sportart n\u00e4her kennenlernen? Dann sind unsere Anf\u00e4ngerkurse genau das richtige f\u00fcr euch. V\u00f6llig unverbindlich und kostenfrei k\u00f6nnt ihr ein paar Stunden hineinschnuppern. Unsere \u00dcbungsleiterinnen freuen sich auf euch.<\/p>\n<p>Ronja N\u00f6cker: 0174 2496324 \/ <a href=\"mailto:ronja260807@gmail.com\">ronja260807@gmail.com<\/a><\/p>\n<p>Luisa Lehnhoff: 01573 2214918 \/ <a href=\"mailto:luisa.lehnhoff@gmail.com\">luisa.lehnhoff@gmail.com<\/a><\/p>\n<div dir=\"auto\">montags: 14:30-16 Uhr (Sporthalle Grundschule Grafenwald)<\/div>\n<div dir=\"auto\">dienstags: 16-17 Uhr (Sporthalle Grundschule Grafenwald)<\/div>\n<div dir=\"auto\">freitags: 14:30- 15:30 Uhr (Sporthalle am Vestischen Gymnasium Kirchhellen)<\/div>\n","protected":false},"excerpt":{"rendered":"<p>Die Einrad-Abteilung, 1994 gegr\u00fcndet, ist eine Trendsportart und geh\u00f6rt mit zu den erfolgreichsten Vereinen auf Bundesebene. In ihren Reihen sind Deutsche Meister und Weltmeister zu finden. Einrad-Einstieg leicht gemacht: Ihr m\u00f6chtet in diese Sportart n\u00e4her kennenlernen? Dann sind unsere Anf\u00e4ngerkurse &hellip; <a href=\"https:\/\/www.vfl-grafenwald.de\/?page_id=10\">Weiterlesen <span class=\"meta-nav\">&rarr;<\/span><\/a><\/p>\n","protected":false},"author":1,"featured_media":0,"parent":0,"menu_order":0,"comment_status":"closed","ping_status":"open","template":"","meta":{"footnotes":""},"class_list":["post-10","page","type-page","status-publish","hentry"],"_links":{"self":[{"href":"https:\/\/www.vfl-grafenwald.de\/index.php?rest_route=\/wp\/v2\/pages\/10","targetHints":{"allow":["GET"]}}],"collection":[{"href":"https:\/\/www.vfl-grafenwald.de\/index.php?rest_route=\/wp\/v2\/pages"}],"about":[{"href":"https:\/\/www.vfl-grafenwald.de\/index.php?rest_route=\/wp\/v2\/types\/page"}],"author":[{"embeddable":true,"href":"https:\/\/www.vfl-grafenwald.de\/index.php?rest_route=\/wp\/v2\/users\/1"}],"replies":[{"embeddable":true,"href":"https:\/\/www.vfl-grafenwald.de\/index.php?rest_route=%2Fwp%2Fv2%2Fcomments&post=10"}],"version-history":[{"count":6,"href":"https:\/\/www.vfl-grafenwald.de\/index.php?rest_route=\/wp\/v2\/pages\/10\/revisions"}],"predecessor-version":[{"id":3376,"href":"https:\/\/www.vfl-grafenwald.de\/index.php?rest_route=\/wp\/v2\/pages\/10\/revisions\/3376"}],"wp:attachment":[{"href":"https:\/\/www.vfl-grafenwald.de\/index.php?rest_route=%2Fwp%2Fv2%2Fmedia&parent=10"}],"curies":[{"name":"wp","href":"https:\/\/api.w.org\/{rel}","templated":true}]}}

<p>Die Einrad-Abteilung, 1994 gegründet, ist eine Trendsportart und gehört mit zu den erfolgreichsten Vereinen auf Bundesebene. In ihren Reihen sind Deutsche Meister und Weltmeister zu finden.</p>
<p><strong>Einrad-Einstieg leicht gemacht</strong>: Ihr möchtet in diese Sportart näher kennenlernen? Dann sind unsere Anfängerkurse genau das richtige für euch. Völlig unverbindlich und kostenfrei könnt ihr ein paar Stunden hineinschnuppern. Unsere Übungsleiterinnen freuen sich auf euch.</p>
<p>Ronja Nöcker: 0174 2496324 / <a href="mailto:ronja260807@gmail.com">ronja260807@gmail.com</a></p>
<p>Luisa Lehnhoff: 01573 2214918 / <a href="mailto:luisa.lehnhoff@gmail.com">luisa.lehnhoff@gmail.com</a></p>
<div dir="auto">montags: 14:30-16 Uhr (Sporthalle Grundschule Grafenwald)</div>
<div dir="auto">dienstags: 16-17 Uhr (Sporthalle Grundschule Grafenwald)</div>
<div dir="auto">freitags: 14:30- 15:30 Uhr (Sporthalle am Vestischen Gymnasium Kirchhellen)</div>

<p>Die Einrad-Abteilung, 1994 gegründet, ist eine Trendsportart und gehört mit zu den erfolgreichsten Vereinen auf Bundesebene. In ihren Reihen sind Deutsche Meister und Weltmeister zu finden. Einrad-Einstieg leicht gemacht: Ihr möchtet in diese Sportart näher kennenlernen? Dann sind unsere Anfängerkurse &hellip; <a href="https://www.vfl-grafenwald.de/?page_id=10">Weiterlesen <span class="meta-nav">&rarr;</span></a></p>
